alse
Is 1832822191 a composite number?
False
Is 1125683257 prime?
True
Is 11721431831 a prime number?
True
Is 3726543251 composite?
True
Is 34740576755 a composite number?
True
Is 8229001121 a prime number?
False
Is 110323259419 prime?
False
Is 8161433389 prime?
False
Is 25844151819 prime?
False
Is 19292468047 a composite number?
True
Is 1499680267 a composite number?
True
Is 943553383 a composite number?
True
Is 1550900301 a composite number?
True
Is 7342627771 prime?
True
Is 2485247789 composite?
False
Is 688124243 a composite number?
False
Is 92517867779 a prime number?
True
Is 14512605461 prime?
True
Is 5213908871 a composite number?
False
Is 9275923577 prime?
False
Is 9990967363 prime?
False
Is 20506054273 a composite number?
True
Is 691780295 a composite number?
True
Is 47252139163 composite?
True
Is 239503816319 a composite number?
True
Is 5623174433 a prime number?
True
Is 9142699751 composite?
False
Is 368402302195 a composite number?
True
Is 142493206561 composite?
True
Is 6086526071 composite?
True
Is 29455726567 prime?
False
Is 514401893 prime?
True
Is 14521793921 composite?
False
Is 530491411 a composite number?
False
Is 150619883 composite?
True
Is 19525364659 prime?
True
Is 21134610753 a composite number?
True
Is 8330004629 a prime number?
True
Is 244040019653 composite?
False
Is 1483007297 a prime number?
True
Is 2718998319 a prime number?
False
Is 26290855511 a prime number?
True
Is 102399290233 a composite number?
False
Is 2989467854 a composite number?
True
Is 326700337 a prime number?
False
Is 96068454103 composite?
False
Is 56465447387 a prime number?
True
Is 5077216283 prime?
False
Is 1136180642 composite?
True
Is 324440851 composite?
True
Is 45772131949 a prime number?
True
Is 2473596647 composite?
True
Is 221426243 composite?
False
Is 2046486119 composite?
True
Is 628021781 prime?
True
Is 10821025931 composite?
False
Is 680432957 prime?
True
Is 1343249597 a prime number?
True
Is 1477662073 a prime number?
True
Is 10576711609 composite?
True
Is 1265000038909 a prime number?
True
Is 324521737 a prime number?
True
Is 3312077983 composite?
True
Is 2962761553 a composite number?
False
Is 18992886329 a prime number?
True
Is 50124904139 prime?
True
Is 41563037 prime?
True
Is 225684522451 a composite number?
True
Is 322858493 a prime number?
True
Is 482863049 prime?
False
Is 271956527 a composite number?
False
Is 8302576733 a prime number?
False
Is 2987488583 prime?
True
Is 187806711773 composite?
False
Is 53691839 composite?
False
Is 11124538349 prime?
True
Is 31795163789 prime?
False
Is 391651811 a prime number?
True
Is 1212796919 prime?
False
Is 2928361222 a composite number?
True
Is 3977387893 a prime number?
True
Is 1678025449 a prime number?
False
Is 152059219241 a prime number?
True
Is 193625842 a composite number?
True
Is 47419774529 prime?
True
Is 1222456405 prime?
False
Is 18500834867 a prime number?
False
Is 1461317783 prime?
False
Is 2555879923 prime?
True
Is 1108346921 composite?
True
Is 1784540597 prime?
False
Is 2203758703 composite?
False
Is 466684069 prime?
True
Is 1782372937 composite?
True
Is 5455229839 a composite number?
False
Is 38251122977 a composite number?
False
Is 512087897 prime?
True
Is 22008721253 a prime number?
False
Is 102605727671 composite?
False
Is 2691907889 a composite number?
True
Is 8691097447 a composite number?
True
Is 15915237059 a prime number?
False
Is 37862777471 a composite number?
False
Is 27299999171 composite?
False
Is 97223992897 prime?
True
Is 5290629413 a composite number?
True
Is 7874639893 a prime number?
True
Is 259600291 prime?
False
Is 3858590507 prime?
True
Is 470154551 a composite number?
True
Is 9756125693 a prime number?
True
Is 59287059053 a prime number?
True
Is 30197544553 composite?
True
Is 844390583 composite?
False
Is 5116265177 a composite number?
True
Is 335597861 a composite number?
False
Is 173747473 composite?
False
Is 340617644143 a prime number?
False
Is 623766313 composite?
True
Is 850180577 a composite number?
False
Is 302151571 a composite number?
False
Is 41781706129 composite?
True
Is 7018157761 a composite number?
False
Is 14767651631 a prime number?
False
Is 96810687527 a composite number?
False
Is 69305744751 a prime number?
False
Is 2157229051 a prime number?
True
Is 14774790869 a composite number?
False
Is 18672706939 a prime number?
False
Is 6970075823 composite?
False
Is 341842093 a composite number?
False
Is 38368559 a prime number?
True
Is 834186671 a prime number?
False
Is 56712720089 a prime number?
True
Is 1027648289 a composite number?
True
Is 25138262803 prime?
False
Is 49116997 a composite number?
False
Is 21432476047 composite?
True
Is 2523384607 composite?
False
Is 2892730927 a composite number?
True
Is 8977368821 a prime number?
False
Is 68294564077 prime?
True
Is 51861503737 prime?
False
Is 4193897179 prime?
True
Is 488429369 a prime number?
False
Is 40923764459 a prime number?
False
Is 1805203891 composite?
False
Is 107004539 prime?
True
Is 580516103 a composite number?
False
Is 11502541363 prime?
True
Is 125158931 composite?
False
Is 712594849 composite?
True
Is 8155970893 a prime number?
False
Is 27749553989 prime?
True
Is 29424663973 a prime number?
False
Is 41826279871 a composite number?
True
Is 307849333727 prime?
False
Is 23639081429 prime?
True
Is 12291589787 prime?
True
Is 531757711 a composite number?
False
Is 62603819 a prime number?
True
Is 350247377 a composite number?
False
Is 42887221 prime?
False
Is 19634890931 a prime number?
False
Is 856458013 a prime number?
True
Is 4538372431 prime?
False
Is 33960701641 a composite number?
False
Is 362770787 prime?
True
Is 1423973671 prime?
True
Is 145923432511 prime?
True
Is 772267973 composite?
False
Is 33012368941 a composite number?
False
Is 36558452443 composite?
False
Is 13932729589 a composite number?
False
Is 1570829947 composite?
True
Is 2574196087 a composite number?
True
Is 24114724223 composite?
False
Is 4324586857 composite?
False
Is 281957057 composite?
True
Is 46871280569 a prime number?
False
Is 1152813919 prime?
False
Is 12952428023 composite?
False
Is 300809627 prime?
False
Is 72136064807 composite?
False
Is 774756301 a prime number?
False
Is 48725865577 prime?
True
Is 3628894505 a prime number?
False
Is 456860783 a prime number?
False
Is 15700917641 prime?
True
Is 53381597653 a composite number?
True
Is 70096860529 composite?
True
Is 5829861113 a prime number?
True
Is 27320780141 prime?
True
Is 228504629 a composite number?
True
Is 284581273 a prime number?
False
Is 953797177 a prime number?
False
Is 2383395613 prime?
False
Is 14438239943 a composite number?
False
Is 510886781711 composite?
False
Is 223065269227 prime?
True
Is 330999375589 a prime number?
True
Is 74198683711 prime?
False
Is 36699277 a composite number?
True
Is 10344195889 composite?
False
Is 83317513 composite?
False
Is 444194237 a prime number?
True
Is 1521268549 prime?
False
Is 785111147 a prime number?
False
Is 6596085227 a composite number?
False
Is 1634998763 a composite number?
False
Is 12634930361 composite?
False
Is 18309591437 a composite number?
False
Is 438460303 composite?
False
Is 1844960577 a prime number?
False
Is 205846087 a composite number?
False
Is 317948652269 prime?
True
Is 14270674373 a prime number?
False
Is 235310731 composite?
True
Is 3090416107 prime?
False
Is 18292578281 a prime number?
True
Is 22834382177 prime?
True
Is 15541804549 a prime number?
False
Is 72083197 a composite number?
False
Is 5560519967 prime?
True
Is 1079892839 composite?
False
Is 2953921039 a composite number?
True
Is 3652931663 a prime number?
True
Is 131172410207 prime?
True
Is 1569723547 a composite number?
True
Is 127679410457 prime?
False
Is 1004194787 a composite number?
True
Is 3271124057 composite?
False
Is 5404279409 composite?
False
Is 1839414583 composite?
True
Is 8045851123 a composite number?
False
Is 3415524491 a composite number?
False
Is 5765021869 prime?
True
Is 107583277 prime?
True
Is 522745211 a prime number?
True
Is 314703203 composite?
True
Is 31021348013 prime?
False
Is 27709831 prime?
False
Is 928362643 a composite number?
True
Is 1516604101 prime?
True
Is 1590004027 a prime number?
True
Is 6578513897 composite?
False
Is 89851439879 a composite number?
True
Is 26348